{"id":16,"date":"2021-11-21T15:14:44","date_gmt":"2021-11-21T15:14:44","guid":{"rendered":"http:\/\/laforgeeditoriale.com\/index.php\/contact\/"},"modified":"2023-11-09T10:16:14","modified_gmt":"2023-11-09T10:16:14","slug":"prestations","status":"publish","type":"page","link":"http:\/\/laforgeeditoriale.com\/index.php\/prestations\/","title":{"rendered":"Prestations"},"content":{"rendered":"\t\t<div data-elementor-type=\"wp-page\" data-elementor-id=\"16\" class=\"elementor elementor-16\">\n\t\t\t\t\t\t<section class=\"elementor-section elementor-top-section elementor-element elementor-element-6713cc3 elementor-section-height-min-height elementor-section-boxed elementor-section-height-default elementor-section-items-middle\" data-id=\"6713cc3\" data-element_type=\"section\" data-e-type=\"section\" data-settings=\"{&quot;background_background&quot;:&quot;classic&quot;}\">\n\t\t\t\t\t\t\t<div class=\"elementor-background-overlay\"><\/div>\n\t\t\t\t\t\t\t<div class=\"elementor-container elementor-column-gap-default\">\n\t\t\t\t\t<div class=\"elementor-column elementor-col-100 elementor-top-column elementor-element elementor-element-43c061e\" data-id=\"43c061e\" data-element_type=\"column\" data-e-type=\"column\">\n\t\t\t<div class=\"elementor-widget-wrap\">\n\t\t\t\t\t\t\t<\/div>\n\t\t<\/div>\n\t\t\t\t\t<\/div>\n\t\t<\/section>\n\t\t\t\t<section class=\"elementor-section elementor-top-section elementor-element elementor-element-885947c elementor-section-boxed elementor-section-height-default elementor-section-height-default\" data-id=\"885947c\" data-element_type=\"section\" data-e-type=\"section\">\n\t\t\t\t\t\t<div class=\"elementor-container elementor-column-gap-default\">\n\t\t\t\t\t<div class=\"elementor-column elementor-col-100 elementor-top-column elementor-element elementor-element-6206f7f\" data-id=\"6206f7f\" data-element_type=\"column\" data-e-type=\"column\">\n\t\t\t<div class=\"elementor-widget-wrap elementor-element-populated\">\n\t\t\t\t\t\t<div class=\"elementor-element elementor-element-f84781d elementor-widget elementor-widget-heading\" data-id=\"f84781d\" data-element_type=\"widget\" data-e-type=\"widget\" data-widget_type=\"heading.default\">\n\t\t\t\t<div class=\"elementor-widget-container\">\n\t\t\t\t\t<h2 class=\"elementor-heading-title elementor-size-default\">Prestations<\/h2>\t\t\t\t<\/div>\n\t\t\t\t<\/div>\n\t\t\t\t<div class=\"elementor-element elementor-element-ca88bf4 elementor-widget-divider--view-line elementor-widget elementor-widget-divider\" data-id=\"ca88bf4\" data-element_type=\"widget\" data-e-type=\"widget\" data-widget_type=\"divider.default\">\n\t\t\t\t<div class=\"elementor-widget-container\">\n\t\t\t\t\t\t\t<div class=\"elementor-divider\">\n\t\t\t<span class=\"elementor-divider-separator\">\n\t\t\t\t\t\t<\/span>\n\t\t<\/div>\n\t\t\t\t\t\t<\/div>\n\t\t\t\t<\/div>\n\t\t\t\t\t<\/div>\n\t\t<\/div>\n\t\t\t\t\t<\/div>\n\t\t<\/section>\n\t\t\t\t<section class=\"elementor-section elementor-top-section elementor-element elementor-element-2287406 elementor-section-content-top elementor-section-height-min-height elementor-section-boxed elementor-section-height-default elementor-section-items-middle\" data-id=\"2287406\" data-element_type=\"section\" data-e-type=\"section\" data-settings=\"{&quot;background_background&quot;:&quot;classic&quot;}\">\n\t\t\t\t\t\t\t<div class=\"elementor-background-overlay\"><\/div>\n\t\t\t\t\t\t\t<div class=\"elementor-container elementor-column-gap-no\">\n\t\t\t\t\t<div class=\"elementor-column elementor-col-100 elementor-top-column elementor-element elementor-element-59af0e7\" data-id=\"59af0e7\" data-element_type=\"column\" data-e-type=\"column\">\n\t\t\t<div class=\"elementor-widget-wrap elementor-element-populated\">\n\t\t\t\t\t\t<div class=\"elementor-element elementor-element-04ab798 elementor-widget elementor-widget-heading\" data-id=\"04ab798\" data-element_type=\"widget\" data-e-type=\"widget\" data-widget_type=\"heading.default\">\n\t\t\t\t<div class=\"elementor-widget-container\">\n\t\t\t\t\t<h2 class=\"elementor-heading-title elementor-size-default\">Du tapuscrit au livre, un accompagnement personnalis\u00e9 <\/h2>\t\t\t\t<\/div>\n\t\t\t\t<\/div>\n\t\t\t\t<div class=\"elementor-element elementor-element-007884e elementor-widget elementor-widget-text-editor\" data-id=\"007884e\" data-element_type=\"widget\" data-e-type=\"widget\" data-widget_type=\"text-editor.default\">\n\t\t\t\t<div class=\"elementor-widget-container\">\n\t\t\t\t\t\t\t\t\t<p>Tous types de prestations \u00e9ditoriales vous sont propos\u00e9es \u00e0 chacune des \u00e9tapes de r\u00e9alisation. Vous s\u00e9lectionnez, selon la nature de votre projet et ses exigences, celles qui sont requises\u00a0<span style=\"color: var(--ast-global-color-3); font-size: 1rem;\">afin de l\u2019<\/span><span style=\"color: var(--ast-global-color-3); font-style: inherit; font-weight: inherit;\">aboutir. N\u2019h\u00e9sitez pas \u00e0 me contacter.<\/span><\/p>\t\t\t\t\t\t\t\t<\/div>\n\t\t\t\t<\/div>\n\t\t\t\t\t<\/div>\n\t\t<\/div>\n\t\t\t\t\t<\/div>\n\t\t<\/section>\n\t\t\t\t<section class=\"elementor-section elementor-top-section elementor-element elementor-element-ne8gpij elementor-section-content-middle elementor-section-boxed elementor-section-height-default elementor-section-height-default\" data-id=\"ne8gpij\" data-element_type=\"section\" data-e-type=\"section\" data-settings=\"{&quot;background_background&quot;:&quot;classic&quot;}\">\n\t\t\t\t\t\t\t<div class=\"elementor-background-overlay\"><\/div>\n\t\t\t\t\t\t\t<div class=\"elementor-container elementor-column-gap-no\">\n\t\t\t\t\t<div class=\"elementor-column elementor-col-100 elementor-top-column elementor-element elementor-element-a8fceb1\" data-id=\"a8fceb1\" data-element_type=\"column\" data-e-type=\"column\">\n\t\t\t<div class=\"elementor-widget-wrap elementor-element-populated\">\n\t\t\t\t\t\t<section class=\"elementor-section elementor-inner-section elementor-element elementor-element-d313255 elementor-section-boxed elementor-section-height-default elementor-section-height-default\" data-id=\"d313255\" data-element_type=\"section\" data-e-type=\"section\">\n\t\t\t\t\t\t<div class=\"elementor-container elementor-column-gap-default\">\n\t\t\t\t\t<div class=\"elementor-column elementor-col-33 elementor-inner-column elementor-element elementor-element-22c3524\" data-id=\"22c3524\" data-element_type=\"column\" data-e-type=\"column\">\n\t\t\t<div class=\"elementor-widget-wrap elementor-element-populated\">\n\t\t\t\t\t\t<div class=\"elementor-element elementor-element-e4c55c2 elementor-widget elementor-widget-image\" data-id=\"e4c55c2\" data-element_type=\"widget\" data-e-type=\"widget\" data-widget_type=\"image.default\">\n\t\t\t\t<div class=\"elementor-widget-container\">\n\t\t\t\t\t\t\t\t\t\t\t\t\t\t\t<img decoding=\"async\" src=\"http:\/\/laforgeeditoriale.com\/wp-content\/uploads\/elementor\/thumbs\/writing-hand-book-read-bird-decoration-494733-pxhere.com_-scaled-pia5ojqd4ofb6odrrf05h816ngbfumhv8q4bq2qli0.jpg\" title=\"writing-hand-book-read-bird-decoration-494733-pxhere.com\" alt=\"writing-hand-book-read-bird-decoration-494733-pxhere.com\" loading=\"lazy\" \/>\t\t\t\t\t\t\t\t\t\t\t\t\t\t\t<\/div>\n\t\t\t\t<\/div>\n\t\t\t\t<div class=\"elementor-element elementor-element-7d27157 elementor-widget elementor-widget-heading\" data-id=\"7d27157\" data-element_type=\"widget\" data-e-type=\"widget\" data-widget_type=\"heading.default\">\n\t\t\t\t<div class=\"elementor-widget-container\">\n\t\t\t\t\t<h3 class=\"elementor-heading-title elementor-size-default\">Analyse \u00e9ditoriale<\/h3>\t\t\t\t<\/div>\n\t\t\t\t<\/div>\n\t\t\t\t<div class=\"elementor-element elementor-element-aaec606 elementor-widget elementor-widget-text-editor\" data-id=\"aaec606\" data-element_type=\"widget\" data-e-type=\"widget\" data-widget_type=\"text-editor.default\">\n\t\t\t\t<div class=\"elementor-widget-container\">\n\t\t\t\t\t\t\t\t\t<p>Voil\u00e0 votre manuscrit achev\u00e9. Il est temps de d\u00e9finir votre projet. Quelle forme prendra-t-il ? Num\u00e9rique ? Papier ? Quel format ? Couleur ou noir et blanc ? Quels sont vos lecteurs potentiels ? Quel type de plateforme allez-vous utiliser pour l\u2019impression ?<\/p>\t\t\t\t\t\t\t\t<\/div>\n\t\t\t\t<\/div>\n\t\t\t\t\t<\/div>\n\t\t<\/div>\n\t\t\t\t<div class=\"elementor-column elementor-col-33 elementor-inner-column elementor-element elementor-element-af2a78f\" data-id=\"af2a78f\" data-element_type=\"column\" data-e-type=\"column\">\n\t\t\t<div class=\"elementor-widget-wrap elementor-element-populated\">\n\t\t\t\t\t\t<div class=\"elementor-element elementor-element-bb2b817 elementor-widget elementor-widget-image\" data-id=\"bb2b817\" data-element_type=\"widget\" data-e-type=\"widget\" data-widget_type=\"image.default\">\n\t\t\t\t<div class=\"elementor-widget-container\">\n\t\t\t\t\t\t\t\t\t\t\t\t\t\t\t<img decoding=\"async\" src=\"http:\/\/laforgeeditoriale.com\/wp-content\/uploads\/elementor\/thumbs\/writing-vintage-antique-old-typewriter-journal-689609-pxhere.com_-pia7v34wnvgdwxkawxienu31xew6gvkr26axqyh9m0.jpg\" title=\"writing-vintage-antique-old-typewriter-journal-689609-pxhere.com\" alt=\"writing-vintage-antique-old-typewriter-journal-689609-pxhere.com\" loading=\"lazy\" \/>\t\t\t\t\t\t\t\t\t\t\t\t\t\t\t<\/div>\n\t\t\t\t<\/div>\n\t\t\t\t<div class=\"elementor-element elementor-element-11a5560 elementor-widget elementor-widget-heading\" data-id=\"11a5560\" data-element_type=\"widget\" data-e-type=\"widget\" data-widget_type=\"heading.default\">\n\t\t\t\t<div class=\"elementor-widget-container\">\n\t\t\t\t\t<h3 class=\"elementor-heading-title elementor-size-default\">Secr\u00e9tariat de r\u00e9daction<\/h3>\t\t\t\t<\/div>\n\t\t\t\t<\/div>\n\t\t\t\t<div class=\"elementor-element elementor-element-2271db1 elementor-widget elementor-widget-text-editor\" data-id=\"2271db1\" data-element_type=\"widget\" data-e-type=\"widget\" data-widget_type=\"text-editor.default\">\n\t\t\t\t<div class=\"elementor-widget-container\">\n\t\t\t\t\t\t\t\t\t<p>Vous avez des doutes sur une formulation, d\u00e9sirez une relecture orthographique ? Je prends en charge ces r\u00e9visions. Pour parfaire la qualit\u00e9 de votre ouvrage, je r\u00e9alise \u00e9galement des corrections orthotypographique en ad\u00e9quation avec les normes en vigueur.<\/p>\t\t\t\t\t\t\t\t<\/div>\n\t\t\t\t<\/div>\n\t\t\t\t\t<\/div>\n\t\t<\/div>\n\t\t\t\t<div class=\"elementor-column elementor-col-33 elementor-inner-column elementor-element elementor-element-b4566d0\" data-id=\"b4566d0\" data-element_type=\"column\" data-e-type=\"column\">\n\t\t\t<div class=\"elementor-widget-wrap elementor-element-populated\">\n\t\t\t\t\t\t<div class=\"elementor-element elementor-element-bd46985 elementor-widget elementor-widget-image\" data-id=\"bd46985\" data-element_type=\"widget\" data-e-type=\"widget\" data-widget_type=\"image.default\">\n\t\t\t\t<div class=\"elementor-widget-container\">\n\t\t\t\t\t\t\t\t\t\t\t\t\t\t\t<img decoding=\"async\" src=\"http:\/\/laforgeeditoriale.com\/wp-content\/uploads\/elementor\/thumbs\/Moutons-pia96zyr0v1jpdyw552t98tvzgqptgs7bbexdpfug8.jpg\" title=\"Moutons\" alt=\"Moutons\" loading=\"lazy\" \/>\t\t\t\t\t\t\t\t\t\t\t\t\t\t\t<\/div>\n\t\t\t\t<\/div>\n\t\t\t\t<div class=\"elementor-element elementor-element-ee1c81c elementor-widget elementor-widget-heading\" data-id=\"ee1c81c\" data-element_type=\"widget\" data-e-type=\"widget\" data-widget_type=\"heading.default\">\n\t\t\t\t<div class=\"elementor-widget-container\">\n\t\t\t\t\t<h3 class=\"elementor-heading-title elementor-size-default\">Conception graphique<\/h3>\t\t\t\t<\/div>\n\t\t\t\t<\/div>\n\t\t\t\t<div class=\"elementor-element elementor-element-232ab6e elementor-widget elementor-widget-text-editor\" data-id=\"232ab6e\" data-element_type=\"widget\" data-e-type=\"widget\" data-widget_type=\"text-editor.default\">\n\t\t\t\t<div class=\"elementor-widget-container\">\n\t\t\t\t\t\t\t\t\t<p>En fonction de la th\u00e9matique de votre livre, je travaille une recherche de typographie, de mise en page et de couleur en empathie avec les souhaits que vous avez exprim\u00e9s. En \u00e9troite collaboration avec vous, je fais \u00e9voluer la conception jusqu\u2019\u00e0 sa finalisation.<\/p>\t\t\t\t\t\t\t\t<\/div>\n\t\t\t\t<\/div>\n\t\t\t\t\t<\/div>\n\t\t<\/div>\n\t\t\t\t\t<\/div>\n\t\t<\/section>\n\t\t\t\t<section class=\"elementor-section elementor-inner-section elementor-element elementor-element-b1ef1ef elementor-section-boxed elementor-section-height-default elementor-section-height-default\" data-id=\"b1ef1ef\" data-element_type=\"section\" data-e-type=\"section\">\n\t\t\t\t\t\t<div class=\"elementor-container elementor-column-gap-default\">\n\t\t\t\t\t<div class=\"elementor-column elementor-col-33 elementor-inner-column elementor-element elementor-element-f8abded\" data-id=\"f8abded\" data-element_type=\"column\" data-e-type=\"column\">\n\t\t\t<div class=\"elementor-widget-wrap elementor-element-populated\">\n\t\t\t\t\t\t<div class=\"elementor-element elementor-element-b98d03e elementor-widget elementor-widget-image\" data-id=\"b98d03e\" data-element_type=\"widget\" data-e-type=\"widget\" data-widget_type=\"image.default\">\n\t\t\t\t<div class=\"elementor-widget-container\">\n\t\t\t\t\t\t\t\t\t\t\t\t\t\t\t<img fetchpriority=\"high\" decoding=\"async\" width=\"2560\" height=\"2560\" src=\"http:\/\/laforgeeditoriale.com\/wp-content\/uploads\/2022\/01\/autoedition_conception_couverture-scaled.jpg\" class=\"attachment-full size-full wp-image-2398\" alt=\"\" srcset=\"http:\/\/laforgeeditoriale.com\/wp-content\/uploads\/2022\/01\/autoedition_conception_couverture-scaled.jpg 2560w, http:\/\/laforgeeditoriale.com\/wp-content\/uploads\/2022\/01\/autoedition_conception_couverture-300x300.jpg 300w, http:\/\/laforgeeditoriale.com\/wp-content\/uploads\/2022\/01\/autoedition_conception_couverture-1024x1024.jpg 1024w, http:\/\/laforgeeditoriale.com\/wp-content\/uploads\/2022\/01\/autoedition_conception_couverture-150x150.jpg 150w, http:\/\/laforgeeditoriale.com\/wp-content\/uploads\/2022\/01\/autoedition_conception_couverture-768x768.jpg 768w, http:\/\/laforgeeditoriale.com\/wp-content\/uploads\/2022\/01\/autoedition_conception_couverture-1536x1536.jpg 1536w, http:\/\/laforgeeditoriale.com\/wp-content\/uploads\/2022\/01\/autoedition_conception_couverture-2048x2048.jpg 2048w\" sizes=\"(max-width: 2560px) 100vw, 2560px\" \/>\t\t\t\t\t\t\t\t\t\t\t\t\t\t\t<\/div>\n\t\t\t\t<\/div>\n\t\t\t\t<div class=\"elementor-element elementor-element-d880e73 elementor-widget elementor-widget-heading\" data-id=\"d880e73\" data-element_type=\"widget\" data-e-type=\"widget\" data-widget_type=\"heading.default\">\n\t\t\t\t<div class=\"elementor-widget-container\">\n\t\t\t\t\t<h3 class=\"elementor-heading-title elementor-size-default\">Cr\u00e9ation de couverture<\/h3>\t\t\t\t<\/div>\n\t\t\t\t<\/div>\n\t\t\t\t<div class=\"elementor-element elementor-element-94506de elementor-widget elementor-widget-text-editor\" data-id=\"94506de\" data-element_type=\"widget\" data-e-type=\"widget\" data-widget_type=\"text-editor.default\">\n\t\t\t\t<div class=\"elementor-widget-container\">\n\t\t\t\t\t\t\t\t\t<p><span style=\"color: var(--ast-global-color-3); font-size: 1rem;\">La couverture&nbsp;<\/span><span style=\"color: var(--ast-global-color-3); font-size: 1rem;\">se doit d\u2019incarner le contenu de votre livre.<\/span><span style=\"font-style: inherit; font-weight: inherit; color: var(--ast-global-color-3);\">&nbsp;Personnellement, j\u2019ex\u00e9cute ce travail d\u00e9licat en toute fin de processus, lorsque je suis totalement impr\u00e9gn\u00e9e de votre projet. \u00c0 nouveau, il s\u2019agit d\u2019une \u00e9tape autour de laquelle nous interagissons conjointement.<\/span><\/p>\t\t\t\t\t\t\t\t<\/div>\n\t\t\t\t<\/div>\n\t\t\t\t\t<\/div>\n\t\t<\/div>\n\t\t\t\t<div class=\"elementor-column elementor-col-33 elementor-inner-column elementor-element elementor-element-d75b273\" data-id=\"d75b273\" data-element_type=\"column\" data-e-type=\"column\">\n\t\t\t<div class=\"elementor-widget-wrap elementor-element-populated\">\n\t\t\t\t\t\t<div class=\"elementor-element elementor-element-592f745 elementor-widget elementor-widget-image\" data-id=\"592f745\" data-element_type=\"widget\" data-e-type=\"widget\" data-widget_type=\"image.default\">\n\t\t\t\t<div class=\"elementor-widget-container\">\n\t\t\t\t\t\t\t\t\t\t\t\t\t\t\t<img decoding=\"async\" src=\"http:\/\/laforgeeditoriale.com\/wp-content\/uploads\/elementor\/thumbs\/wood-floor-typography-wash-material-tire-743094-pxhere.com_-pgvyxxwhzlildtnsnygxgxh540qaqx55qfj8ae91bc.jpg\" title=\"wood-floor-typography-wash-material-tire-743094-pxhere.com\" alt=\"wood-floor-typography-wash-material-tire-743094-pxhere.com\" loading=\"lazy\" \/>\t\t\t\t\t\t\t\t\t\t\t\t\t\t\t<\/div>\n\t\t\t\t<\/div>\n\t\t\t\t<div class=\"elementor-element elementor-element-f7a7221 elementor-widget elementor-widget-heading\" data-id=\"f7a7221\" data-element_type=\"widget\" data-e-type=\"widget\" data-widget_type=\"heading.default\">\n\t\t\t\t<div class=\"elementor-widget-container\">\n\t\t\t\t\t<h3 class=\"elementor-heading-title elementor-size-default\">Processus de fabrication<\/h3>\t\t\t\t<\/div>\n\t\t\t\t<\/div>\n\t\t\t\t<div class=\"elementor-element elementor-element-22764bf elementor-widget elementor-widget-text-editor\" data-id=\"22764bf\" data-element_type=\"widget\" data-e-type=\"widget\" data-widget_type=\"text-editor.default\">\n\t\t\t\t<div class=\"elementor-widget-container\">\n\t\t\t\t\t\t\t\t\t<p>Selon vos choix d\u2019impression pour un livre papier, je suis en mesure de prendre en charge les relations avec l\u2019imprimeur ou le d\u00e9p\u00f4t des fichiers PDF sur la plateforme de votre choix, KDP Amazon, Pumbo, Lulu. Je peux aussi g\u00e9rer le d\u00e9p\u00f4t&nbsp;<span style=\"color: var(--ast-global-color-3); font-size: 1rem;\">des livres num\u00e9riques&nbsp;<\/span><span style=\"font-style: inherit; color: var(--ast-global-color-3);\">sur ces m\u00eames plateformes.<\/span><\/p>\t\t\t\t\t\t\t\t<\/div>\n\t\t\t\t<\/div>\n\t\t\t\t\t<\/div>\n\t\t<\/div>\n\t\t\t\t<div class=\"elementor-column elementor-col-33 elementor-inner-column elementor-element elementor-element-e7c6346\" data-id=\"e7c6346\" data-element_type=\"column\" data-e-type=\"column\">\n\t\t\t<div class=\"elementor-widget-wrap elementor-element-populated\">\n\t\t\t\t\t\t<div class=\"elementor-element elementor-element-2c94d3d elementor-widget elementor-widget-image\" data-id=\"2c94d3d\" data-element_type=\"widget\" data-e-type=\"widget\" data-widget_type=\"image.default\">\n\t\t\t\t<div class=\"elementor-widget-container\">\n\t\t\t\t\t\t\t\t\t\t\t\t\t\t\t<img decoding=\"async\" width=\"2560\" height=\"2560\" src=\"http:\/\/laforgeeditoriale.com\/wp-content\/uploads\/2022\/01\/autoedition_demarches_administratives-scaled.jpg\" class=\"attachment-full size-full wp-image-2440\" alt=\"\" srcset=\"http:\/\/laforgeeditoriale.com\/wp-content\/uploads\/2022\/01\/autoedition_demarches_administratives-scaled.jpg 2560w, http:\/\/laforgeeditoriale.com\/wp-content\/uploads\/2022\/01\/autoedition_demarches_administratives-300x300.jpg 300w, http:\/\/laforgeeditoriale.com\/wp-content\/uploads\/2022\/01\/autoedition_demarches_administratives-1024x1024.jpg 1024w, http:\/\/laforgeeditoriale.com\/wp-content\/uploads\/2022\/01\/autoedition_demarches_administratives-150x150.jpg 150w, http:\/\/laforgeeditoriale.com\/wp-content\/uploads\/2022\/01\/autoedition_demarches_administratives-768x768.jpg 768w, http:\/\/laforgeeditoriale.com\/wp-content\/uploads\/2022\/01\/autoedition_demarches_administratives-1536x1536.jpg 1536w, http:\/\/laforgeeditoriale.com\/wp-content\/uploads\/2022\/01\/autoedition_demarches_administratives-2048x2048.jpg 2048w\" sizes=\"(max-width: 2560px) 100vw, 2560px\" \/>\t\t\t\t\t\t\t\t\t\t\t\t\t\t\t<\/div>\n\t\t\t\t<\/div>\n\t\t\t\t<div class=\"elementor-element elementor-element-9fdfe4a elementor-widget elementor-widget-heading\" data-id=\"9fdfe4a\" data-element_type=\"widget\" data-e-type=\"widget\" data-widget_type=\"heading.default\">\n\t\t\t\t<div class=\"elementor-widget-container\">\n\t\t\t\t\t<h3 class=\"elementor-heading-title elementor-size-default\">D\u00e9marches administratives<\/h3>\t\t\t\t<\/div>\n\t\t\t\t<\/div>\n\t\t\t\t<div class=\"elementor-element elementor-element-ad40c43 elementor-widget elementor-widget-text-editor\" data-id=\"ad40c43\" data-element_type=\"widget\" data-e-type=\"widget\" data-widget_type=\"text-editor.default\">\n\t\t\t\t<div class=\"elementor-widget-container\">\n\t\t\t\t\t\t\t\t\t<p>Certains d\u2019entre vous sont rebut\u00e9s par ce type de d\u00e9marches. Ne paniquez pas, je suis l\u00e0 pour vous accompagner si vous le d\u00e9sirez : achat du num\u00e9ro d\u2019ISBN \u00e0 l\u2019AFNIL et, proc\u00e9dure qui vous permettra aussi de prot\u00e9ger votre travail, d\u00e9p\u00f4t l\u00e9gal du livre aupr\u00e8s de la BNF.<\/p>\t\t\t\t\t\t\t\t<\/div>\n\t\t\t\t<\/div>\n\t\t\t\t\t<\/div>\n\t\t<\/div>\n\t\t\t\t\t<\/div>\n\t\t<\/section>\n\t\t\t\t\t<\/div>\n\t\t<\/div>\n\t\t\t\t\t<\/div>\n\t\t<\/section>\n\t\t\t\t<section class=\"elementor-section elementor-top-section elementor-element elementor-element-9cafd28 elementor-section-boxed elementor-section-height-default elementor-section-height-default\" data-id=\"9cafd28\" data-element_type=\"section\" data-e-type=\"section\">\n\t\t\t\t\t\t<div class=\"elementor-container elementor-column-gap-default\">\n\t\t\t\t\t<div class=\"elementor-column elementor-col-100 elementor-top-column elementor-element elementor-element-023b182\" data-id=\"023b182\" data-element_type=\"column\" data-e-type=\"column\">\n\t\t\t<div class=\"elementor-widget-wrap elementor-element-populated\">\n\t\t\t\t\t\t<div class=\"elementor-element elementor-element-c9c4cf6 elementor-widget__width-initial elementor-widget elementor-widget-image\" data-id=\"c9c4cf6\" data-element_type=\"widget\" data-e-type=\"widget\" data-widget_type=\"image.default\">\n\t\t\t\t<div class=\"elementor-widget-container\">\n\t\t\t\t\t\t\t\t\t\t\t\t\t\t\t\t<a href=\"https:\/\/www.facebook.com\/laforgeeditoriale\" target=\"_blank\">\n\t\t\t\t\t\t\t<img decoding=\"async\" src=\"http:\/\/laforgeeditoriale.com\/wp-content\/uploads\/elementor\/thumbs\/FB-la-forge-qetvskarpdfp12gsdl52iwurbewgz4477o787l9m8g.jpg\" title=\"FB la forge\" alt=\"FB la forge\" loading=\"lazy\" \/>\t\t\t\t\t\t\t\t<\/a>\n\t\t\t\t\t\t\t\t\t\t\t\t\t\t\t<\/div>\n\t\t\t\t<\/div>\n\t\t\t\t\t<\/div>\n\t\t<\/div>\n\t\t\t\t\t<\/div>\n\t\t<\/section>\n\t\t\t\t<\/div>\n\t\t","protected":false},"excerpt":{"rendered":"<p>Prestations Du tapuscrit au livre, un accompagnement personnalis\u00e9 Tous types de prestations \u00e9ditoriales vous sont propos\u00e9es \u00e0 chacune des \u00e9tapes de r\u00e9alisation. Vous s\u00e9lectionnez, selon la nature de votre projet et ses exigences, celles qui sont requises\u00a0afin de l\u2019aboutir. N\u2019h\u00e9sitez pas \u00e0 me contacter. Analyse \u00e9ditoriale Voil\u00e0 votre manuscrit achev\u00e9. Il est temps de d\u00e9finir &hellip;<\/p>\n<p class=\"read-more\"> <a class=\"\" href=\"http:\/\/laforgeeditoriale.com\/index.php\/prestations\/\"> <span class=\"screen-reader-text\">Prestations<\/span> Lire la suite \u00bb<\/a><\/p>\n","protected":false},"author":1,"featured_media":0,"parent":0,"menu_order":0,"comment_status":"closed","ping_status":"closed","template":"","meta":{"om_disable_all_campaigns":false,"_monsterinsights_skip_tracking":false,"_monsterinsights_sitenote_active":false,"_monsterinsights_sitenote_note":"","_monsterinsights_sitenote_category":0,"site-sidebar-layout":"no-sidebar","site-content-layout":"page-builder","ast-main-header-display":"","ast-hfb-above-header-display":"","ast-hfb-below-header-display":"","ast-hfb-mobile-header-display":"","site-post-title":"disabled","ast-breadcrumbs-content":"","ast-featured-img":"disabled","footer-sml-layout":"","theme-transparent-header-meta":"enabled","adv-header-id-meta":"","stick-header-meta":"","header-above-stick-meta":"","header-main-stick-meta":"","header-below-stick-meta":"","footnotes":""},"class_list":["post-16","page","type-page","status-publish","hentry"],"aioseo_notices":[],"uagb_featured_image_src":{"full":false,"thumbnail":false,"medium":false,"medium_large":false,"large":false,"1536x1536":false,"2048x2048":false},"uagb_author_info":{"display_name":"julia.verchere@gmail.com","author_link":"http:\/\/laforgeeditoriale.com\/index.php\/author\/julia-vercheregmail-com\/"},"uagb_comment_info":0,"uagb_excerpt":"Prestations Du tapuscrit au livre, un accompagnement personnalis\u00e9 Tous types de prestations \u00e9ditoriales vous sont propos\u00e9es \u00e0 chacune des \u00e9tapes de r\u00e9alisation. Vous s\u00e9lectionnez, selon la nature de votre projet et ses exigences, celles qui sont requises\u00a0afin de l\u2019aboutir. N\u2019h\u00e9sitez pas \u00e0 me contacter. Analyse \u00e9ditoriale Voil\u00e0 votre manuscrit achev\u00e9. Il est temps de d\u00e9finir\u2026","_links":{"self":[{"href":"http:\/\/laforgeeditoriale.com\/index.php\/wp-json\/wp\/v2\/pages\/16","targetHints":{"allow":["GET"]}}],"collection":[{"href":"http:\/\/laforgeeditoriale.com\/index.php\/wp-json\/wp\/v2\/pages"}],"about":[{"href":"http:\/\/laforgeeditoriale.com\/index.php\/wp-json\/wp\/v2\/types\/page"}],"author":[{"embeddable":true,"href":"http:\/\/laforgeeditoriale.com\/index.php\/wp-json\/wp\/v2\/users\/1"}],"replies":[{"embeddable":true,"href":"http:\/\/laforgeeditoriale.com\/index.php\/wp-json\/wp\/v2\/comments?post=16"}],"version-history":[{"count":191,"href":"http:\/\/laforgeeditoriale.com\/index.php\/wp-json\/wp\/v2\/pages\/16\/revisions"}],"predecessor-version":[{"id":3277,"href":"http:\/\/laforgeeditoriale.com\/index.php\/wp-json\/wp\/v2\/pages\/16\/revisions\/3277"}],"wp:attachment":[{"href":"http:\/\/laforgeeditoriale.com\/index.php\/wp-json\/wp\/v2\/media?parent=16"}],"curies":[{"name":"wp","href":"https:\/\/api.w.org\/{rel}","templated":true}]}}